{"id":9977,"date":"2025-10-20T10:44:16","date_gmt":"2025-10-20T10:44:16","guid":{"rendered":"https:\/\/portal.aepjm.pt\/?page_id=9977"},"modified":"2025-10-20T11:09:09","modified_gmt":"2025-10-20T11:09:09","slug":"clubes","status":"publish","type":"page","link":"https:\/\/portal.aepjm.pt\/?page_id=9977","title":{"rendered":"Clubes"},"content":{"rendered":"\n<div style=\"height:34px\" aria-hidden=\"true\" class=\"wp-block-spacer\"><\/div>\n\n\n\n<h5 class=\"wp-block-heading\"><strong>Programa de Ocupa\u00e7\u00e3o dos Tempos Escolares &#8211; Escola B\u00e1sica Pedro Jacques de Magalh\u00e3es<\/strong><\/h5>\n\n\n\n<div style=\"height:34px\" aria-hidden=\"true\" class=\"wp-block-spacer\"><\/div>\n\n\n\n<h2 class=\"wp-block-heading has-text-align-center\">Clubes Escolares<\/h2>\n\n\n\n<div style=\"height:34px\" aria-hidden=\"true\" class=\"wp-block-spacer\"><\/div>\n\n\n\n<p>Na Escola B\u00e1sica Pedro Jacques de Magalh\u00e3es, est\u00e1 a funcionar o Programa de Ocupa\u00e7\u00e3o dos Tempos Escolares, em que se disponibiliza uma oferta diversificada de clubes que, constituindo-se como atividades de enriquecimento curricular, contribuem para a forma\u00e7\u00e3o integral dos nossos alunos. Para mais informa\u00e7\u00f5es sobre os clubes, nomeadamente hor\u00e1rios e formas de inscri\u00e7\u00e3o, consulte o documento abaixo.<\/p>\n\n\n\n<div style=\"height:34px\" aria-hidden=\"true\" class=\"wp-block-spacer\"><\/div>\n\n\n\n<h4 class=\"wp-block-heading has-text-align-center\" style=\"text-transform:uppercase\">Hor\u00e1rios e Inscri\u00e7\u00f5es<\/h4>\n\n\n\n<div style=\"height:34px\" aria-hidden=\"true\" class=\"wp-block-spacer\"><\/div>\n\n\n\n<div data-wp-interactive=\"core\/file\" class=\"wp-block-file aligncenter\"><object data-wp-bind--hidden=\"!state.hasPdfPreview\" hidden class=\"wp-block-file__embed\" data=\"https:\/\/portal.aepjm.pt\/wp-content\/uploads\/2025\/10\/Horario_clubes_2526_V2.pdf\" type=\"application\/pdf\" style=\"width:100%;height:600px\" aria-label=\"Incorpora\u00e7\u00e3o de Hor\u00e1rio_clubes_2526_V2.\"><\/object><a id=\"wp-block-file--media-99f18684-4ce3-49ad-ada1-9b37e6a43b93\" href=\"https:\/\/portal.aepjm.pt\/wp-content\/uploads\/2025\/10\/Horario_clubes_2526_V2.pdf\">Hor\u00e1rio_clubes_2526_V2<\/a><a href=\"https:\/\/portal.aepjm.pt\/wp-content\/uploads\/2025\/10\/Horario_clubes_2526_V2.pdf\" class=\"wp-block-file__button wp-element-button\" download aria-describedby=\"wp-block-file--media-99f18684-4ce3-49ad-ada1-9b37e6a43b93\">Descarregar<\/a><\/div>\n\n\n\n<p><\/p>\n","protected":false},"excerpt":{"rendered":"<p>Programa de Ocupa\u00e7\u00e3o dos Tempos Escolares &#8211; Escola B\u00e1sica Pedro Jacques de Magalh\u00e3es Clubes Escolares Na Escola B\u00e1sica Pedro Jacques de Magalh\u00e3es, est\u00e1 a funcionar o Programa de Ocupa\u00e7\u00e3o dos Tempos Escolares, em que se disponibiliza uma oferta diversificada de clubes que, constituindo-se como atividades de enriquecimento curricular, contribuem para a forma\u00e7\u00e3o integral dos nossos [&hellip;]<\/p>\n","protected":false},"author":1,"featured_media":0,"parent":0,"menu_order":0,"comment_status":"closed","ping_status":"closed","template":"","meta":{"_exactmetrics_skip_tracking":false,"_exactmetrics_sitenote_active":false,"_exactmetrics_sitenote_note":"","_exactmetrics_sitenote_category":0,"footnotes":""},"class_list":["post-9977","page","type-page","status-publish","hentry"],"_links":{"self":[{"href":"https:\/\/portal.aepjm.pt\/index.php?rest_route=\/wp\/v2\/pages\/9977","targetHints":{"allow":["GET"]}}],"collection":[{"href":"https:\/\/portal.aepjm.pt\/index.php?rest_route=\/wp\/v2\/pages"}],"about":[{"href":"https:\/\/portal.aepjm.pt\/index.php?rest_route=\/wp\/v2\/types\/page"}],"author":[{"embeddable":true,"href":"https:\/\/portal.aepjm.pt\/index.php?rest_route=\/wp\/v2\/users\/1"}],"replies":[{"embeddable":true,"href":"https:\/\/portal.aepjm.pt\/index.php?rest_route=%2Fwp%2Fv2%2Fcomments&post=9977"}],"version-history":[{"count":7,"href":"https:\/\/portal.aepjm.pt\/index.php?rest_route=\/wp\/v2\/pages\/9977\/revisions"}],"predecessor-version":[{"id":9991,"href":"https:\/\/portal.aepjm.pt\/index.php?rest_route=\/wp\/v2\/pages\/9977\/revisions\/9991"}],"wp:attachment":[{"href":"https:\/\/portal.aepjm.pt\/index.php?rest_route=%2Fwp%2Fv2%2Fmedia&parent=9977"}],"curies":[{"name":"wp","href":"https:\/\/api.w.org\/{rel}","templated":true}]}}