{"id":514,"date":"2020-02-24T14:37:23","date_gmt":"2020-02-24T14:37:23","guid":{"rendered":"https:\/\/portal.aepjm.pt\/?page_id=514"},"modified":"2025-02-24T11:50:30","modified_gmt":"2025-02-24T11:50:30","slug":"projeto-educativo","status":"publish","type":"page","link":"https:\/\/portal.aepjm.pt\/?page_id=514","title":{"rendered":"Projeto Educativo"},"content":{"rendered":"\n<p class=\"has-black-color has-text-color has-normal-font-size\"><strong>No Projeto Educativo s\u00e3o estabelecidos a miss\u00e3o, a vis\u00e3o, os princ\u00edpios e os valores, os objetivos estrat\u00e9gicos e as metas que o Agrupamento se prop\u00f5e cumprir. <\/strong><\/p>\n\n\n\n<p class=\"has-black-color has-text-color has-medium-font-size\"><strong>P<\/strong>rojeto <strong>E<\/strong>ducativo 2017 &#8211; 2021 (<a href=\"https:\/\/aepjm.pt\/AEPJM2017-2018\/Conselho Geral\/Humanizar Para crescer_Projeto Educativo_2017_2021_final.pdf\" target=\"_blank\" rel=\"noreferrer noopener\">Consulte aqui<\/a>)<\/p>\n\n\n\n<p class=\"has-black-color has-text-color has-medium-font-size\"><strong>P<\/strong>rojeto <strong>E<\/strong>ducativo 2021 &#8211; 2025 (<a href=\"https:\/\/aepjm.pt\/AEPJM2021_2022\/Projeto%20Educativo%2021_25.pdf\" data-type=\"URL\">Consulte aqui<\/a>)<\/p>\n\n\n\n<p class=\"has-black-color has-text-color has-medium-font-size\"><strong>P<\/strong>rojeto <strong>E<\/strong>ducativo 2021 &#8211; 2025 &#8211; <strong>Atualiza\u00e7\u00e3o de dados<\/strong> (<a href=\"https:\/\/portal.aepjm.pt\/wp-content\/uploads\/2025\/02\/Projeto-Educativo_2021_2025_atualizacao-de-dados.pdf\">Consulte aqui<\/a>)<\/p>\n\n\n\n<p class=\"has-black-color has-text-color has-medium-font-size\"><strong>P<\/strong>lano de <strong>A<\/strong>\u00e7\u00e3o para o <strong>D<\/strong>esenvolvimento <strong>D<\/strong>igital da <strong>E<\/strong>scola (<a href=\"https:\/\/portal.aepjm.pt\/wp-content\/uploads\/2022\/11\/2021-PADDE-AE_Pedro-Jacques-Magalhaes.pdf\" data-type=\"URL\" target=\"_blank\" rel=\"noreferrer noopener\">Consulte aqui<\/a>)<\/p>\n\n\n\n<p><\/p>\n","protected":false},"excerpt":{"rendered":"<p>No Projeto Educativo s\u00e3o estabelecidos a miss\u00e3o, a vis\u00e3o, os princ\u00edpios e os valores, os objetivos estrat\u00e9gicos e as metas que o Agrupamento se prop\u00f5e cumprir. Projeto Educativo 2017 &#8211; 2021 (Consulte aqui) Projeto Educativo 2021 &#8211; 2025 (Consulte aqui) Projeto Educativo 2021 &#8211; 2025 &#8211; Atualiza\u00e7\u00e3o de dados (Consulte aqui) Plano de A\u00e7\u00e3o para [&hellip;]<\/p>\n","protected":false},"author":1,"featured_media":0,"parent":0,"menu_order":0,"comment_status":"closed","ping_status":"closed","template":"","meta":{"_exactmetrics_skip_tracking":false,"_exactmetrics_sitenote_active":false,"_exactmetrics_sitenote_note":"","_exactmetrics_sitenote_category":0,"footnotes":""},"class_list":["post-514","page","type-page","status-publish","hentry"],"_links":{"self":[{"href":"https:\/\/portal.aepjm.pt\/index.php?rest_route=\/wp\/v2\/pages\/514","targetHints":{"allow":["GET"]}}],"collection":[{"href":"https:\/\/portal.aepjm.pt\/index.php?rest_route=\/wp\/v2\/pages"}],"about":[{"href":"https:\/\/portal.aepjm.pt\/index.php?rest_route=\/wp\/v2\/types\/page"}],"author":[{"embeddable":true,"href":"https:\/\/portal.aepjm.pt\/index.php?rest_route=\/wp\/v2\/users\/1"}],"replies":[{"embeddable":true,"href":"https:\/\/portal.aepjm.pt\/index.php?rest_route=%2Fwp%2Fv2%2Fcomments&post=514"}],"version-history":[{"count":28,"href":"https:\/\/portal.aepjm.pt\/index.php?rest_route=\/wp\/v2\/pages\/514\/revisions"}],"predecessor-version":[{"id":9372,"href":"https:\/\/portal.aepjm.pt\/index.php?rest_route=\/wp\/v2\/pages\/514\/revisions\/9372"}],"wp:attachment":[{"href":"https:\/\/portal.aepjm.pt\/index.php?rest_route=%2Fwp%2Fv2%2Fmedia&parent=514"}],"curies":[{"name":"wp","href":"https:\/\/api.w.org\/{rel}","templated":true}]}}

<p class="has-black-color has-text-color has-normal-font-size"><strong>No Projeto Educativo são estabelecidos a missão, a visão, os princípios e os valores, os objetivos estratégicos e as metas que o Agrupamento se propõe cumprir. </strong></p>



<p class="has-black-color has-text-color has-medium-font-size"><strong>P</strong>rojeto <strong>E</strong>ducativo 2017 &#8211; 2021 (<a href="https://aepjm.pt/AEPJM2017-2018/Conselho Geral/Humanizar Para crescer_Projeto Educativo_2017_2021_final.pdf" target="_blank" rel="noreferrer noopener">Consulte aqui</a>)</p>



<p class="has-black-color has-text-color has-medium-font-size"><strong>P</strong>rojeto <strong>E</strong>ducativo 2021 &#8211; 2025 (<a href="https://aepjm.pt/AEPJM2021_2022/Projeto%20Educativo%2021_25.pdf" data-type="URL">Consulte aqui</a>)</p>



<p class="has-black-color has-text-color has-medium-font-size"><strong>P</strong>rojeto <strong>E</strong>ducativo 2021 &#8211; 2025 &#8211; <strong>Atualização de dados</strong> (<a href="https://portal.aepjm.pt/wp-content/uploads/2025/02/Projeto-Educativo_2021_2025_atualizacao-de-dados.pdf">Consulte aqui</a>)</p>



<p class="has-black-color has-text-color has-medium-font-size"><strong>P</strong>lano de <strong>A</strong>ção para o <strong>D</strong>esenvolvimento <strong>D</strong>igital da <strong>E</strong>scola (<a href="https://portal.aepjm.pt/wp-content/uploads/2022/11/2021-PADDE-AE_Pedro-Jacques-Magalhaes.pdf" data-type="URL" target="_blank" rel="noreferrer noopener">Consulte aqui</a>)</p>



<p></p>

<p>No Projeto Educativo são estabelecidos a missão, a visão, os princípios e os valores, os objetivos estratégicos e as metas que o Agrupamento se propõe cumprir. Projeto Educativo 2017 &#8211; 2021 (Consulte aqui) Projeto Educativo 2021 &#8211; 2025 (Consulte aqui) Projeto Educativo 2021 &#8211; 2025 &#8211; Atualização de dados (Consulte aqui) Plano de Ação para [&hellip;]</p>
