{"id":4590,"date":"2021-12-15T11:19:25","date_gmt":"2021-12-15T11:19:25","guid":{"rendered":"https:\/\/portal.aepjm.pt\/?page_id=4590"},"modified":"2023-11-08T18:38:24","modified_gmt":"2023-11-08T18:38:24","slug":"escola-digital","status":"publish","type":"page","link":"https:\/\/portal.aepjm.pt\/?page_id=4590","title":{"rendered":"ESCOLA DIGITAL"},"content":{"rendered":"\n<p><\/p>\n\n\n\n<h2 class=\"wp-block-heading\" id=\"h.alzi7livhoqd_l\">Sobre o Programa<\/h2>\n\n\n\n<p>O programa Escola Digital assenta em quatro pilares (equipamentos, conetividade, capacita\u00e7\u00e3o dos professores e recursos pedag\u00f3gicos digitais), dos quais aqui se destacam o acesso a equipamentos e a conetividade.<\/p>\n\n\n\n<h3 class=\"wp-block-heading\" id=\"h.7szhxptj9eke_l\"><a href=\"https:\/\/www.aefp.pt\/alunos-e-pais\/escola-digital#h.7szhxptj9eke\"><\/a>Alguns aspetos importantes a sublinhar<\/h3>\n\n\n\n<ul class=\"wp-block-list\"><li>Este Programa prev\u00ea o empr\u00e9stimo de um kit constitu\u00eddo por PC + Mochila + Router + Cart\u00e3o SIM<\/li><li>N\u00e3o ser\u00e1 poss\u00edvel ceder de forma parcial os v\u00e1rios componentes do kit;<\/li><li>A ced\u00eancia deste equipamento pressup\u00f5e assinatura de um auto de entrega por parte do(a) encarregado(a) de educa\u00e7\u00e3o. <strong>Poder\u00e1 consultar a minuta do auto <a href=\"https:\/\/portal.aepjm.pt\/wp-content\/uploads\/2022\/02\/MininutaEntrega_KitDigital_EncarregadoEducacao.pdf\" target=\"_blank\" rel=\"noreferrer noopener\">aqui<\/a><\/strong>.<\/li><li>No final do Ciclo (1.\u00ba, 3.\u00ba ), ou se o aluno for transferido de escola, o equipamento ser\u00e1 devolvido.<\/li><li>Ser\u00e3o abrangidos, de forma progressiva, os alunos com escal\u00e3o A, B e C da ASE e, na fase 2, todos os restantes alunos.<\/li><\/ul>\n\n\n\n<p><\/p>\n\n\n\n<h3 class=\"wp-block-heading\" id=\"h.3dsb4sr4xdjr_l\"><a href=\"https:\/\/www.aefp.pt\/alunos-e-pais\/escola-digital#h.3dsb4sr4xdjr\"><\/a>Tipologias de equipamentos<\/h3>\n\n\n\n<p><strong>Tipo I<\/strong> &#8211; 1.\u00ba Ciclo | <strong>Tipo II<\/strong> &#8211; 5.\u00ba ao 9.\u00ba ano | <strong>Tipo III<\/strong> &#8211; Docentes<\/p>\n\n\n\n<p><\/p>\n\n\n\n<h3 class=\"wp-block-heading\" id=\"h.pdvshqce5cd3_l\"><a href=\"https:\/\/www.aefp.pt\/alunos-e-pais\/escola-digital#h.pdvshqce5cd3\"><\/a>Conectividade \/ Acesso \u00e0 Internet<\/h3>\n\n\n\n<p>O router disponibilizado vem com um cart\u00e3o SIM ao qual est\u00e1 associado um plafond de dados (12 GB mensais) que pressup\u00f5e uma utiliza\u00e7\u00e3o adequada e respons\u00e1vel. Quando excedido o limite, a largura de banda fica limitada a 2 Mbps. O aluno tem a possibilidade de efetuar carregamento suplementar no Multibanco em m\u00faltiplos de 5\u20ac. Por cada 5\u20ac receber\u00e1 2 GB adicionais. (a)<\/p>\n\n\n\n<p>Nota: os PCs tipo II (5.\u00ba ao 9.\u00ba ano) t\u00eam router incorporado, bastando inserir o SIM de acordo com as instru\u00e7\u00f5es.<\/p>\n\n\n\n<h3 class=\"wp-block-heading\" id=\"h.jsc33vtwbs91_l\"><a href=\"https:\/\/www.aefp.pt\/alunos-e-pais\/escola-digital#h.jsc33vtwbs91\"><\/a><span class=\"has-inline-color has-black-color\">Contacto com os Encarregados de Educa\u00e7\u00e3o<\/span><\/h3>\n\n\n\n<p>Na fase em curso, os(as) Encarregados(as) de Educa\u00e7\u00e3o s\u00e3o contactados por email pela equipa da escola digital (<strong>escoladigital@aepjm.pt<\/strong>) para levantamento do Kit Digital com o respectivo local e hora. <\/p>\n\n\n\n<p><\/p>\n\n\n\n<h3 class=\"wp-block-heading\" id=\"h.tukvyu8dgcg8_l\"><a href=\"https:\/\/www.aefp.pt\/alunos-e-pais\/escola-digital#h.tukvyu8dgcg8\"><\/a>Devolu\u00e7\u00e3o de equipamento<\/h3>\n\n\n\n<p>Os equipamentos devolvidos t\u00eam que se encontrar em boas condi\u00e7\u00f5es de reutiliza\u00e7\u00e3o. Os equipamentos que apresentem sinais de utiliza\u00e7\u00e3o descuidada ser\u00e3o aceites apenas ap\u00f3s corre\u00e7\u00e3o das desconformidades.<\/p>\n\n\n\n<p>N\u00e3o \u00e9 permitida a remo\u00e7\u00e3o de quaisquer etiquetas que identifiquem os equipamentos.<\/p>\n\n\n\n<h3 class=\"wp-block-heading\" id=\"h.dsjopqlug9tw_l\"><a href=\"https:\/\/www.aefp.pt\/alunos-e-pais\/escola-digital#h.dsjopqlug9tw\"><\/a>Configura\u00e7\u00e3o do equipamento<\/h3>\n\n\n\n<p>A configura\u00e7\u00e3o do equipamento fica ao cuidado dos(as) alunos(as)\/EE. As regras relativas a instala\u00e7\u00e3o e desinstala\u00e7\u00e3o de software encontram-se definidas no auto de entrega.<\/p>\n\n\n\n<p>Alerta-se para o facto de apenas o sistema operativo se encontrar licenciado.<\/p>\n\n\n\n<p>Recomenda-se a utiliza\u00e7\u00e3o da OneDrive e de todas as ferramentas Office associadas (todas gratuitas e com capacidade ilimitada quando \u00e9 usada uma conta institucional).<\/p>\n\n\n\n<h3 class=\"wp-block-heading\" id=\"h.yozrhmx70xj_l\"><a href=\"https:\/\/www.aefp.pt\/alunos-e-pais\/escola-digital#h.yozrhmx70xj\"><\/a>Apoio \/ suporte<\/h3>\n\n\n\n<p>Foi criado um endere\u00e7o de email (<strong>escoladigital@aepjm.pt<\/strong>) para onde dever\u00e3o ser encaminhadas d\u00favidas e apresentadas dificuldades de configura\u00e7\u00e3o e\/ou utiliza\u00e7\u00e3o do equipamento. Sugerimos que se anexem fotos ilustrativas sempre que poss\u00edvel.<\/p>\n\n\n\n<p>Os equipamentos em garantia ser\u00e3o reparados gratuitamente sempre que a avaria<strong> n\u00e3o decorra de mau uso<\/strong>. Quando aplic\u00e1vel ser\u00e1 solicitado or\u00e7amento para repara\u00e7\u00e3o.<\/p>\n\n\n\n<p><strong>Manuais de apoio \u00e0 configura\u00e7\u00e3o do novo equipamento<\/strong><\/p>\n\n\n\n<ul class=\"wp-block-list\"><li>Gui\u00e3o de configura\u00e7\u00e3o &#8211; PC- TIPO I &#8211; (<a href=\"https:\/\/portal.aepjm.pt\/wp-content\/uploads\/2021\/12\/Informacao-30-Configuracao-do-KIT-Escola-Digital-PC_-TIPO-I.pdf\">consulte aqui<\/a>).<\/li><\/ul>\n\n\n\n<ul class=\"wp-block-list\"><li>Gui\u00e3o de configura\u00e7\u00e3o &#8211; PC &#8211; TIPO I (Kit digital sem cart\u00e3o SIM) &#8211; (<a href=\"https:\/\/portal.aepjm.pt\/wp-content\/uploads\/2022\/01\/Guia_InstalWindows_10_PRO-tipo-I.pdf\">consulte aqui<\/a>).<\/li><\/ul>\n\n\n\n<ul class=\"wp-block-list\"><li>Guia de Configura\u00e7\u00e3o Hotsopt- 1.\u00baCiclo &#8211; (<a href=\"https:\/\/portal.aepjm.pt\/wp-content\/uploads\/2022\/02\/Configuracao-Hotsopt_1ciclo.pdf\">consulte aqui<\/a>).<\/li><\/ul>\n\n\n\n<ul class=\"wp-block-list\"><li>Guia de Configura\u00e7\u00e3o Hotsopt- 2.\u00ba e 3.\u00baCiclos &#8211; (<a href=\"https:\/\/portal.aepjm.pt\/wp-content\/uploads\/2022\/02\/INSTALACAO-SIM-CARD-LTE4G-2_3_C.pdf\">consulte aqui<\/a>).<\/li><\/ul>\n","protected":false},"excerpt":{"rendered":"<p>Sobre o Programa O programa Escola Digital assenta em quatro pilares (equipamentos, conetividade, capacita\u00e7\u00e3o dos professores e recursos pedag\u00f3gicos digitais), dos quais aqui se destacam o acesso a equipamentos e a conetividade. Alguns aspetos importantes a sublinhar Este Programa prev\u00ea o empr\u00e9stimo de um kit constitu\u00eddo por PC + Mochila + Router + Cart\u00e3o SIM [&hellip;]<\/p>\n","protected":false},"author":1,"featured_media":0,"parent":0,"menu_order":0,"comment_status":"closed","ping_status":"closed","template":"","meta":{"_exactmetrics_skip_tracking":false,"_exactmetrics_sitenote_active":false,"_exactmetrics_sitenote_note":"","_exactmetrics_sitenote_category":0,"footnotes":""},"class_list":["post-4590","page","type-page","status-publish","hentry"],"_links":{"self":[{"href":"https:\/\/portal.aepjm.pt\/index.php?rest_route=\/wp\/v2\/pages\/4590","targetHints":{"allow":["GET"]}}],"collection":[{"href":"https:\/\/portal.aepjm.pt\/index.php?rest_route=\/wp\/v2\/pages"}],"about":[{"href":"https:\/\/portal.aepjm.pt\/index.php?rest_route=\/wp\/v2\/types\/page"}],"author":[{"embeddable":true,"href":"https:\/\/portal.aepjm.pt\/index.php?rest_route=\/wp\/v2\/users\/1"}],"replies":[{"embeddable":true,"href":"https:\/\/portal.aepjm.pt\/index.php?rest_route=%2Fwp%2Fv2%2Fcomments&post=4590"}],"version-history":[{"count":15,"href":"https:\/\/portal.aepjm.pt\/index.php?rest_route=\/wp\/v2\/pages\/4590\/revisions"}],"predecessor-version":[{"id":8260,"href":"https:\/\/portal.aepjm.pt\/index.php?rest_route=\/wp\/v2\/pages\/4590\/revisions\/8260"}],"wp:attachment":[{"href":"https:\/\/portal.aepjm.pt\/index.php?rest_route=%2Fwp%2Fv2%2Fmedia&parent=4590"}],"curies":[{"name":"wp","href":"https:\/\/api.w.org\/{rel}","templated":true}]}}