{"id":4291,"date":"2021-10-26T11:07:57","date_gmt":"2021-10-26T11:07:57","guid":{"rendered":"https:\/\/portal.aepjm.pt\/?page_id=4291"},"modified":"2024-10-08T14:04:15","modified_gmt":"2024-10-08T14:04:15","slug":"3-o-ciclo-perfil-de-aprendizagem-do-aluno","status":"publish","type":"page","link":"https:\/\/portal.aepjm.pt\/?page_id=4291","title":{"rendered":"3.\u00ba Ciclo &#8211; Perfil de Aprendizagem do Aluno"},"content":{"rendered":"\n<p><strong><a href=\"https:\/\/portal.aepjm.pt\/wp-content\/uploads\/2024\/09\/PERFIL-DE-APRENDIZAGENS-ARTE.pdf\">Arte +<\/a><\/strong><\/p>\n\n\n\n<p><strong>Cidadania e Desenvolvimento<\/strong><\/p>\n\n\n\n<p><strong><a href=\"https:\/\/portal.aepjm.pt\/wp-content\/uploads\/2024\/10\/Perfil-de-aprendizagem-CC-2024_2025-1.pdf\">Ci\u00eancias da Computa\u00e7\u00e3o<\/a><\/strong><\/p>\n\n\n\n<p><strong><a href=\"https:\/\/portal.aepjm.pt\/wp-content\/uploads\/2024\/10\/Perfil-de-aprendizagem-CN_2024-2025-1.pdf\">Ci\u00eancias Naturais<\/a><\/strong><\/p>\n\n\n\n<p><strong><a href=\"https:\/\/portal.aepjm.pt\/wp-content\/uploads\/2024\/09\/EF-3oCiclo-Perfil-de-Aprendizagens-24-25.pdf\">Educa\u00e7\u00e3o F\u00edsica<\/a><\/strong><\/p>\n\n\n\n<p><strong><a href=\"https:\/\/portal.aepjm.pt\/wp-content\/uploads\/2024\/09\/PERFIL-DE-APRENDIZAGEM_-EV_3oCICLO-2024-25.pdf\">Educa\u00e7\u00e3o Visual<\/a><\/strong><\/p>\n\n\n\n<p><strong><a href=\"https:\/\/portal.aepjm.pt\/wp-content\/uploads\/2024\/10\/Perfil-de-aprendiz-FQ-final-1.pdf\">F\u00edsico-Qu\u00edmica<\/a><\/strong><\/p>\n\n\n\n<p><strong><a href=\"https:\/\/portal.aepjm.pt\/wp-content\/uploads\/2024\/09\/Perfil-de-aprendizagem_-Frances.pdf\">Franc\u00eas<\/a><\/strong><\/p>\n\n\n\n<p><strong><a href=\"https:\/\/portal.aepjm.pt\/wp-content\/uploads\/2024\/09\/Perfil-de-aprendizagem-3o-Ciclo-Geografia.pdf\">Geografia<\/a><\/strong><\/p>\n\n\n\n<p><strong><a href=\"https:\/\/portal.aepjm.pt\/wp-content\/uploads\/2024\/09\/Perfil-de-aprendizagem-3o-Ciclo-Historia-24-25.pdf\">Hist\u00f3ria<\/a><\/strong><\/p>\n\n\n\n<p><strong><a href=\"https:\/\/portal.aepjm.pt\/wp-content\/uploads\/2024\/09\/Perfil-de-aprendizagem-Ingles-3o-ciclo-24-25.pdf\">Ingl\u00eas<\/a><\/strong><\/p>\n\n\n\n<p><strong><a href=\"https:\/\/portal.aepjm.pt\/wp-content\/uploads\/2024\/10\/Perfil-de-aprendizagem_matematica_2024_2025.pdf\">Matem\u00e1tica <\/a><\/strong><\/p>\n\n\n\n<p><strong><a href=\"https:\/\/portal.aepjm.pt\/wp-content\/uploads\/2024\/09\/Perfil-Aprendizagem_Portugues-3o-ciclo-24-25.pdf\">Portugu\u00eas<\/a><\/strong><\/p>\n\n\n\n<p><strong><a href=\"https:\/\/portal.aepjm.pt\/wp-content\/uploads\/2024\/09\/Perfil-Aprendizagem_PLNM_A1_A2.pdf\">Portugu\u00eas L\u00edngua N\u00e3o Materna (PLNM)<\/a><\/strong><\/p>\n\n\n\n<p><strong><a href=\"https:\/\/portal.aepjm.pt\/wp-content\/uploads\/2024\/10\/Perfil-de-aprendizagem-TIC-2024_2025-1.pdf\">Tecnologias de Informa\u00e7\u00e3o e Comunica\u00e7\u00e3o<\/a><\/strong><\/p>\n\n\n\n<p><\/p>\n","protected":false},"excerpt":{"rendered":"<p>Arte + Cidadania e Desenvolvimento Ci\u00eancias da Computa\u00e7\u00e3o Ci\u00eancias Naturais Educa\u00e7\u00e3o F\u00edsica Educa\u00e7\u00e3o Visual F\u00edsico-Qu\u00edmica Franc\u00eas Geografia Hist\u00f3ria Ingl\u00eas Matem\u00e1tica Portugu\u00eas Portugu\u00eas L\u00edngua N\u00e3o Materna (PLNM) Tecnologias de Informa\u00e7\u00e3o e Comunica\u00e7\u00e3o<\/p>\n","protected":false},"author":1,"featured_media":0,"parent":0,"menu_order":0,"comment_status":"closed","ping_status":"closed","template":"","meta":{"_exactmetrics_skip_tracking":false,"_exactmetrics_sitenote_active":false,"_exactmetrics_sitenote_note":"","_exactmetrics_sitenote_category":0,"footnotes":""},"class_list":["post-4291","page","type-page","status-publish","hentry"],"_links":{"self":[{"href":"https:\/\/portal.aepjm.pt\/index.php?rest_route=\/wp\/v2\/pages\/4291","targetHints":{"allow":["GET"]}}],"collection":[{"href":"https:\/\/portal.aepjm.pt\/index.php?rest_route=\/wp\/v2\/pages"}],"about":[{"href":"https:\/\/portal.aepjm.pt\/index.php?rest_route=\/wp\/v2\/types\/page"}],"author":[{"embeddable":true,"href":"https:\/\/portal.aepjm.pt\/index.php?rest_route=\/wp\/v2\/users\/1"}],"replies":[{"embeddable":true,"href":"https:\/\/portal.aepjm.pt\/index.php?rest_route=%2Fwp%2Fv2%2Fcomments&post=4291"}],"version-history":[{"count":46,"href":"https:\/\/portal.aepjm.pt\/index.php?rest_route=\/wp\/v2\/pages\/4291\/revisions"}],"predecessor-version":[{"id":9221,"href":"https:\/\/portal.aepjm.pt\/index.php?rest_route=\/wp\/v2\/pages\/4291\/revisions\/9221"}],"wp:attachment":[{"href":"https:\/\/portal.aepjm.pt\/index.php?rest_route=%2Fwp%2Fv2%2Fmedia&parent=4291"}],"curies":[{"name":"wp","href":"https:\/\/api.w.org\/{rel}","templated":true}]}}