{"id":3795,"date":"2021-05-28T11:20:07","date_gmt":"2021-05-28T11:20:07","guid":{"rendered":"https:\/\/portal.aepjm.pt\/?page_id=3795"},"modified":"2021-11-29T12:59:27","modified_gmt":"2021-11-29T12:59:27","slug":"walk-the-global-walk","status":"publish","type":"page","link":"https:\/\/portal.aepjm.pt\/?page_id=3795","title":{"rendered":"Walk The Global Walk"},"content":{"rendered":"\n<p>O <strong><a href=\"https:\/\/walktheglobalwalk.pt\/\" target=\"_blank\" rel=\"noreferrer noopener\">Projeto Walk The Global Walk<\/a><\/strong>, promovido em Portugal pela <a href=\"https:\/\/aidglobal.org\/project\/walk-the-global-walk\/\" target=\"_blank\" rel=\"noreferrer noopener\">AIDGLOBAL<\/a> e pela <a href=\"https:\/\/www.cm-vfxira.pt\/pages\/3471\" target=\"_blank\" rel=\"noreferrer noopener\">C\u00e2mara Municipal de Vila Franca de Xira<\/a>, \u00e9 dirigido a alunos &nbsp;e professores do 3.\u00ba Ciclo e Ensino Secund\u00e1rio &nbsp;e tem como objetivo associar numa mesma miss\u00e3o a comunidade escolar e a sociedade civil. <\/p>\n\n\n\n<p>Este<strong> Projeto de Cidadania Global<\/strong> est\u00e1 em &nbsp;desenvolvimento na Escola Pedro Jacques de Magalh\u00e3es desde 2018 e a equipa de trabalho do corrente ano letivo, apresenta algumas das a\u00e7\u00f5es em desenvolvimento.<\/p>\n\n\n\n<div class=\"wp-block-image\"><figure class=\"aligncenter size-large\"><a href=\"https:\/\/portal.aepjm.pt\/wp-content\/uploads\/2021\/05\/Foto-Placard-WGW.jpg\" target=\"_blank\" rel=\"noopener\"><img loading=\"lazy\" decoding=\"async\" width=\"937\" height=\"1024\" src=\"https:\/\/portal.aepjm.pt\/wp-content\/uploads\/2021\/05\/Foto-Placard-WGW-937x1024.jpg\" alt=\"\" class=\"wp-image-3801\" srcset=\"https:\/\/portal.aepjm.pt\/wp-content\/uploads\/2021\/05\/Foto-Placard-WGW-937x1024.jpg 937w, https:\/\/portal.aepjm.pt\/wp-content\/uploads\/2021\/05\/Foto-Placard-WGW-274x300.jpg 274w, https:\/\/portal.aepjm.pt\/wp-content\/uploads\/2021\/05\/Foto-Placard-WGW-768x840.jpg 768w, https:\/\/portal.aepjm.pt\/wp-content\/uploads\/2021\/05\/Foto-Placard-WGW-1405x1536.jpg 1405w, https:\/\/portal.aepjm.pt\/wp-content\/uploads\/2021\/05\/Foto-Placard-WGW.jpg 1407w\" sizes=\"auto, (max-width: 937px) 100vw, 937px\" \/><\/a><\/figure><\/div>\n\n\n\n<figure class=\"wp-block-embed is-type-wp-embed is-provider-aepjm wp-block-embed-aepjm\"><div class=\"wp-block-embed__wrapper\">\n<blockquote class=\"wp-embedded-content\" data-secret=\"YyGkSZQewk\"><a href=\"https:\/\/portal.aepjm.pt\/?p=4560\">Semin\u00e1rio &#8220;Altera\u00e7\u00f5es Clim\u00e1ticas&#8221;<\/a><\/blockquote><iframe loading=\"lazy\" class=\"wp-embedded-content\" sandbox=\"allow-scripts\" security=\"restricted\" style=\"position: absolute; clip: rect(1px, 1px, 1px, 1px);\" title=\"&#8220;Semin\u00e1rio &#8220;Altera\u00e7\u00f5es Clim\u00e1ticas&#8221;&#8221; &#8212; AEPJM\" src=\"https:\/\/portal.aepjm.pt\/?p=4560&#038;embed=true#?secret=K48ZKel6X6#?secret=YyGkSZQewk\" data-secret=\"YyGkSZQewk\" width=\"600\" height=\"338\" frameborder=\"0\" marginwidth=\"0\" marginheight=\"0\" scrolling=\"no\"><\/iframe>\n<\/div><\/figure>\n\n\n\n<figure class=\"wp-block-embed is-type-wp-embed is-provider-aepjm wp-block-embed-aepjm\"><div class=\"wp-block-embed__wrapper\">\n<blockquote class=\"wp-embedded-content\" data-secret=\"qnGHgkaeTu\"><a href=\"https:\/\/portal.aepjm.pt\/?p=3882\">ODS 16 &#8211; Paz, Justi\u00e7a e Institui\u00e7\u00f5es Eficazes<\/a><\/blockquote><iframe loading=\"lazy\" class=\"wp-embedded-content\" sandbox=\"allow-scripts\" security=\"restricted\" style=\"position: absolute; clip: rect(1px, 1px, 1px, 1px);\" title=\"&#8220;ODS 16 &#8211; Paz, Justi\u00e7a e Institui\u00e7\u00f5es Eficazes&#8221; &#8212; AEPJM\" src=\"https:\/\/portal.aepjm.pt\/?p=3882&#038;embed=true#?secret=mHS8aeSFHT#?secret=qnGHgkaeTu\" data-secret=\"qnGHgkaeTu\" width=\"600\" height=\"338\" frameborder=\"0\" marginwidth=\"0\" marginheight=\"0\" scrolling=\"no\"><\/iframe>\n<\/div><\/figure>\n\n\n\n<figure class=\"wp-block-embed aligncenter is-type-wp-embed is-provider-aepjm wp-block-embed-aepjm\"><div class=\"wp-block-embed__wrapper\">\n<blockquote class=\"wp-embedded-content\" data-secret=\"mmsUcQrsga\"><a href=\"https:\/\/portal.aepjm.pt\/?p=3829\">Doar para ajudar<\/a><\/blockquote><iframe loading=\"lazy\" class=\"wp-embedded-content\" sandbox=\"allow-scripts\" security=\"restricted\" style=\"position: absolute; clip: rect(1px, 1px, 1px, 1px);\" title=\"&#8220;Doar para ajudar&#8221; &#8212; AEPJM\" src=\"https:\/\/portal.aepjm.pt\/?p=3829&#038;embed=true#?secret=oFIiMzsjbE#?secret=mmsUcQrsga\" data-secret=\"mmsUcQrsga\" width=\"600\" height=\"338\" frameborder=\"0\" marginwidth=\"0\" marginheight=\"0\" scrolling=\"no\"><\/iframe>\n<\/div><\/figure>\n\n\n\n<figure class=\"wp-block-embed is-type-wp-embed is-provider-aepjm wp-block-embed-aepjm\"><div class=\"wp-block-embed__wrapper\">\n<blockquote class=\"wp-embedded-content\" data-secret=\"R9q2WrKpUX\"><a href=\"https:\/\/portal.aepjm.pt\/?p=3998\">Bens Doados<\/a><\/blockquote><iframe loading=\"lazy\" class=\"wp-embedded-content\" sandbox=\"allow-scripts\" security=\"restricted\" style=\"position: absolute; clip: rect(1px, 1px, 1px, 1px);\" title=\"&#8220;Bens Doados&#8221; &#8212; AEPJM\" src=\"https:\/\/portal.aepjm.pt\/?p=3998&#038;embed=true#?secret=u8icfk272L#?secret=R9q2WrKpUX\" data-secret=\"R9q2WrKpUX\" width=\"600\" height=\"338\" frameborder=\"0\" marginwidth=\"0\" marginheight=\"0\" scrolling=\"no\"><\/iframe>\n<\/div><\/figure>\n\n\n\n<figure class=\"wp-block-embed is-type-wp-embed is-provider-aepjm wp-block-embed-aepjm\"><div class=\"wp-block-embed__wrapper\">\n<blockquote class=\"wp-embedded-content\" data-secret=\"Xb7xHLzQCX\"><a href=\"https:\/\/portal.aepjm.pt\/?p=4030\">Agradecimento \u00e0 Junta de Freguesia de Alverca<\/a><\/blockquote><iframe loading=\"lazy\" class=\"wp-embedded-content\" sandbox=\"allow-scripts\" security=\"restricted\" style=\"position: absolute; clip: rect(1px, 1px, 1px, 1px);\" title=\"&#8220;Agradecimento \u00e0 Junta de Freguesia de Alverca&#8221; &#8212; AEPJM\" src=\"https:\/\/portal.aepjm.pt\/?p=4030&#038;embed=true#?secret=9YFJPDCUlM#?secret=Xb7xHLzQCX\" data-secret=\"Xb7xHLzQCX\" width=\"600\" height=\"338\" frameborder=\"0\" marginwidth=\"0\" marginheight=\"0\" scrolling=\"no\"><\/iframe>\n<\/div><\/figure>\n","protected":false},"excerpt":{"rendered":"<p>O Projeto Walk The Global Walk, promovido em Portugal pela AIDGLOBAL e pela C\u00e2mara Municipal de Vila Franca de Xira, \u00e9 dirigido a alunos &nbsp;e professores do 3.\u00ba Ciclo e Ensino Secund\u00e1rio &nbsp;e tem como objetivo associar numa mesma miss\u00e3o a comunidade escolar e a sociedade civil. Este Projeto de Cidadania Global est\u00e1 em &nbsp;desenvolvimento [&hellip;]<\/p>\n","protected":false},"author":1,"featured_media":3876,"parent":2227,"menu_order":4,"comment_status":"closed","ping_status":"closed","template":"","meta":{"_exactmetrics_skip_tracking":false,"_exactmetrics_sitenote_active":false,"_exactmetrics_sitenote_note":"","_exactmetrics_sitenote_category":0,"footnotes":""},"class_list":["post-3795","page","type-page","status-publish","has-post-thumbnail","hentry"],"_links":{"self":[{"href":"https:\/\/portal.aepjm.pt\/index.php?rest_route=\/wp\/v2\/pages\/3795","targetHints":{"allow":["GET"]}}],"collection":[{"href":"https:\/\/portal.aepjm.pt\/index.php?rest_route=\/wp\/v2\/pages"}],"about":[{"href":"https:\/\/portal.aepjm.pt\/index.php?rest_route=\/wp\/v2\/types\/page"}],"author":[{"embeddable":true,"href":"https:\/\/portal.aepjm.pt\/index.php?rest_route=\/wp\/v2\/users\/1"}],"replies":[{"embeddable":true,"href":"https:\/\/portal.aepjm.pt\/index.php?rest_route=%2Fwp%2Fv2%2Fcomments&post=3795"}],"version-history":[{"count":11,"href":"https:\/\/portal.aepjm.pt\/index.php?rest_route=\/wp\/v2\/pages\/3795\/revisions"}],"predecessor-version":[{"id":4576,"href":"https:\/\/portal.aepjm.pt\/index.php?rest_route=\/wp\/v2\/pages\/3795\/revisions\/4576"}],"up":[{"embeddable":true,"href":"https:\/\/portal.aepjm.pt\/index.php?rest_route=\/wp\/v2\/pages\/2227"}],"wp:featuredmedia":[{"embeddable":true,"href":"https:\/\/portal.aepjm.pt\/index.php?rest_route=\/wp\/v2\/media\/3876"}],"wp:attachment":[{"href":"https:\/\/portal.aepjm.pt\/index.php?rest_route=%2Fwp%2Fv2%2Fmedia&parent=3795"}],"curies":[{"name":"wp","href":"https:\/\/api.w.org\/{rel}","templated":true}]}}