{"id":2974,"date":"2020-11-04T15:30:00","date_gmt":"2020-11-04T15:30:00","guid":{"rendered":"https:\/\/portal.aepjm.pt\/?page_id=2974"},"modified":"2021-01-26T10:17:39","modified_gmt":"2021-01-26T10:17:39","slug":"life-is-math-around-us","status":"publish","type":"page","link":"https:\/\/portal.aepjm.pt\/?page_id=2974","title":{"rendered":"Life Is Math Around Us"},"content":{"rendered":"\n<div class=\"wp-block-image\"><figure class=\"alignright size-large is-resized\"><img loading=\"lazy\" decoding=\"async\" src=\"https:\/\/portal.aepjm.pt\/wp-content\/uploads\/2021\/01\/aa6eaeeb8_large.jpg\" alt=\"\" class=\"wp-image-2983\" width=\"198\" height=\"322\" srcset=\"https:\/\/portal.aepjm.pt\/wp-content\/uploads\/2021\/01\/aa6eaeeb8_large.jpg 400w, https:\/\/portal.aepjm.pt\/wp-content\/uploads\/2021\/01\/aa6eaeeb8_large-185x300.jpg 185w\" sizes=\"auto, (max-width: 198px) 100vw, 198px\" \/><\/figure><\/div>\n\n\n\n<p><strong>A Escola Pedro Jacques de Magalh\u00e3es integra no bi\u00e9nio 2020-2022 o projeto \u201cMath Is Life Around us\u201d.<\/strong><\/p>\n\n\n\n<p>Este projeto, financiado pela Uni\u00e3o Europeia (UE) e monitorizado pela Ag\u00eancia Nacional ERASMUS+, envolve 6 escolas de 5 pa\u00edses (Portugal, Eslov\u00e1quia, Litu\u00e2nia, It\u00e1lia, Turquia).<\/p>\n\n\n\n<p>S\u00e3o objetivos do projeto:<\/p>\n\n\n\n<ul class=\"wp-block-list\"><li>Aumentar os n\u00edveis de realiza\u00e7\u00e3o e interesse em Ci\u00eancia, Tecnologia e Matem\u00e1tica e refor\u00e7ar o desenvolvimento de compet\u00eancias-chave;<\/li><li>Sensibilizar os alunos para a import\u00e2ncia da Matem\u00e1tica no dia-a-dia e da sua presen\u00e7a em tudo o que nos rodeia;<\/li><li>Promover a interdisciplinaridade;<\/li><li>Desenvolver a capacidade de comunica\u00e7\u00e3o e as compet\u00eancias lingu\u00edsticas;<\/li><li>Promover o interc\u00e2mbio entre alunos e professores de nacionalidades diferentes;<\/li><\/ul>\n\n\n\n<p>Os projetos ERASMUS+ KA 229, nos quais este projeto se insere, pressup\u00f5em mobilidades de alunos e professores entre as escolas parceiras, sendo as despesas completamente financiadas pelos projetos. Presentemente, devido \u00e0 situa\u00e7\u00e3o de pandemia Covid 19, as mobilidades est\u00e3o suspensas at\u00e9 que sejam reunidas condi\u00e7\u00f5es para a sua realiza\u00e7\u00e3o.<\/p>\n\n\n\n<p>No presente ano letivo, os alunos que vierem a integrar o projeto em quest\u00e3o, efetuar\u00e3o trabalho quer nas aulas das disciplinas envolvidas no projeto, quer no Clube ERASMUS. Dependendo dos anos de escolaridade dos alunos no projeto, as disciplinas envolvidas s\u00e3o: matem\u00e1ticas; Ingl\u00eas; Educa\u00e7\u00e3o Visual; Educa\u00e7\u00e3o Tecnol\u00f3gica; Ci\u00eancias; Educa\u00e7\u00e3o Musical; TIC; Hist\u00f3ria.<\/p>\n\n\n\n<p><strong>Para consultar as atividades do projeto <a href=\"https:\/\/portal.aepjm.pt\/?p=3026\">aqui<\/a>.<\/strong><\/p>\n\n\n\n<p><\/p>\n\n\n\n<p>Project Number 2020-1-LT01-KA229-077897_4<\/p>\n\n\n\n<div class=\"wp-block-image\"><figure class=\"alignright size-large is-resized\"><img loading=\"lazy\" decoding=\"async\" src=\"https:\/\/portal.aepjm.pt\/wp-content\/uploads\/2021\/01\/logosbeneficaireserasmusleft_en-1-1024x225.jpg\" alt=\"\" class=\"wp-image-2979\" width=\"338\" height=\"74\" srcset=\"https:\/\/portal.aepjm.pt\/wp-content\/uploads\/2021\/01\/logosbeneficaireserasmusleft_en-1-1024x225.jpg 1024w, https:\/\/portal.aepjm.pt\/wp-content\/uploads\/2021\/01\/logosbeneficaireserasmusleft_en-1-300x66.jpg 300w, https:\/\/portal.aepjm.pt\/wp-content\/uploads\/2021\/01\/logosbeneficaireserasmusleft_en-1-768x169.jpg 768w, https:\/\/portal.aepjm.pt\/wp-content\/uploads\/2021\/01\/logosbeneficaireserasmusleft_en-1-1536x338.jpg 1536w, https:\/\/portal.aepjm.pt\/wp-content\/uploads\/2021\/01\/logosbeneficaireserasmusleft_en-1-2048x450.jpg 2048w\" sizes=\"auto, (max-width: 338px) 100vw, 338px\" \/><\/figure><\/div>\n\n\n\n<p><\/p>\n","protected":false},"excerpt":{"rendered":"<p>A Escola Pedro Jacques de Magalh\u00e3es integra no bi\u00e9nio 2020-2022 o projeto \u201cMath Is Life Around us\u201d. Este projeto, financiado pela Uni\u00e3o Europeia (UE) e monitorizado pela Ag\u00eancia Nacional ERASMUS+, envolve 6 escolas de 5 pa\u00edses (Portugal, Eslov\u00e1quia, Litu\u00e2nia, It\u00e1lia, Turquia). S\u00e3o objetivos do projeto: Aumentar os n\u00edveis de realiza\u00e7\u00e3o e interesse em Ci\u00eancia, Tecnologia [&hellip;]<\/p>\n","protected":false},"author":1,"featured_media":0,"parent":0,"menu_order":0,"comment_status":"closed","ping_status":"closed","template":"","meta":{"_exactmetrics_skip_tracking":false,"_exactmetrics_sitenote_active":false,"_exactmetrics_sitenote_note":"","_exactmetrics_sitenote_category":0,"footnotes":""},"class_list":["post-2974","page","type-page","status-publish","hentry"],"_links":{"self":[{"href":"https:\/\/portal.aepjm.pt\/index.php?rest_route=\/wp\/v2\/pages\/2974","targetHints":{"allow":["GET"]}}],"collection":[{"href":"https:\/\/portal.aepjm.pt\/index.php?rest_route=\/wp\/v2\/pages"}],"about":[{"href":"https:\/\/portal.aepjm.pt\/index.php?rest_route=\/wp\/v2\/types\/page"}],"author":[{"embeddable":true,"href":"https:\/\/portal.aepjm.pt\/index.php?rest_route=\/wp\/v2\/users\/1"}],"replies":[{"embeddable":true,"href":"https:\/\/portal.aepjm.pt\/index.php?rest_route=%2Fwp%2Fv2%2Fcomments&post=2974"}],"version-history":[{"count":9,"href":"https:\/\/portal.aepjm.pt\/index.php?rest_route=\/wp\/v2\/pages\/2974\/revisions"}],"predecessor-version":[{"id":3036,"href":"https:\/\/portal.aepjm.pt\/index.php?rest_route=\/wp\/v2\/pages\/2974\/revisions\/3036"}],"wp:attachment":[{"href":"https:\/\/portal.aepjm.pt\/index.php?rest_route=%2Fwp%2Fv2%2Fmedia&parent=2974"}],"curies":[{"name":"wp","href":"https:\/\/api.w.org\/{rel}","templated":true}]}}