{"id":1051,"date":"2020-03-16T14:15:35","date_gmt":"2020-03-16T14:15:35","guid":{"rendered":"https:\/\/portal.aepjm.pt\/?page_id=1051"},"modified":"2022-03-31T10:58:05","modified_gmt":"2022-03-31T10:58:05","slug":"escolas","status":"publish","type":"page","link":"https:\/\/portal.aepjm.pt\/?page_id=1051","title":{"rendered":"Escolas"},"content":{"rendered":"\n<p>O <strong>Agrupamento de Escolas Pedro Jacques de Magalh\u00e3es<\/strong> \u00e9 constitu\u00eddo por 2 Jardins de Inf\u00e2ncia, 4 escolas do Ensino B\u00e1sico do 1.\u00ba Ciclo e a Escola B\u00e1sica Pedro Jacques de Magalh\u00e3es (sede do Agrupamento).<\/p>\n\n\n\n<p>Para consultar mais informa\u00e7\u00f5es clique sobre o nome do Jardim de Inf\u00e2ncia  \/ Estabelecimentos de Educa\u00e7\u00e3o\/Ensino JI + 1.\u00ba Ciclo \/ Escola B\u00e1sica PJM.<br> <br><strong>Jardins de inf\u00e2ncia<\/strong> <\/p>\n\n\n\n<ul class=\"wp-block-list\"><li> <a href=\"https:\/\/portal.aepjm.pt\/?p=437\">Jardim de Inf\u00e2ncia n.\u00ba 2 de Alverca<\/a><\/li><li><a href=\"https:\/\/portal.aepjm.pt\/?p=450\"> Jardim de Inf\u00e2ncia da Calhandriz<\/a><\/li><\/ul>\n\n\n\n<p><strong>Estabelecimentos de Educa\u00e7\u00e3o\/Ensino JI + 1.\u00ba Ciclo<\/strong><\/p>\n\n\n\n<ul class=\"wp-block-list\"><li><a href=\"https:\/\/portal.aepjm.pt\/?p=459\">Escola B\u00e1sica n.\u00ba 1 de Alverca<\/a><\/li><li><a href=\"https:\/\/portal.aepjm.pt\/?p=463\">Escola B\u00e1sica n.\u00ba 4 de Alverca<\/a> <\/li><li><a href=\"https:\/\/portal.aepjm.pt\/?p=469\">Escola B\u00e1sica da Quinta da Vala <\/a><\/li><li><a href=\"https:\/\/portal.aepjm.pt\/?p=466\">Escola B\u00e1sica da Malva Rosa <\/a><\/li><\/ul>\n\n\n\n<p><strong>Escolas B\u00e1sica Pedro Jacques de Magalh\u00e3es<\/strong><\/p>\n\n\n\n<ul class=\"wp-block-list\"><li><a href=\"https:\/\/portal.aepjm.pt\/?p=423\">Escola B\u00e1sica Pedro Jacques de Magalh\u00e3es<\/a><\/li><\/ul>\n","protected":false},"excerpt":{"rendered":"<p>O Agrupamento de Escolas Pedro Jacques de Magalh\u00e3es \u00e9 constitu\u00eddo por 2 Jardins de Inf\u00e2ncia, 4 escolas do Ensino B\u00e1sico do 1.\u00ba Ciclo e a Escola B\u00e1sica Pedro Jacques de Magalh\u00e3es (sede do Agrupamento). Para consultar mais informa\u00e7\u00f5es clique sobre o nome do Jardim de Inf\u00e2ncia \/ Estabelecimentos de Educa\u00e7\u00e3o\/Ensino JI + 1.\u00ba Ciclo \/ [&hellip;]<\/p>\n","protected":false},"author":1,"featured_media":0,"parent":0,"menu_order":0,"comment_status":"closed","ping_status":"closed","template":"","meta":{"_exactmetrics_skip_tracking":false,"_exactmetrics_sitenote_active":false,"_exactmetrics_sitenote_note":"","_exactmetrics_sitenote_category":0,"footnotes":""},"class_list":["post-1051","page","type-page","status-publish","hentry"],"_links":{"self":[{"href":"https:\/\/portal.aepjm.pt\/index.php?rest_route=\/wp\/v2\/pages\/1051","targetHints":{"allow":["GET"]}}],"collection":[{"href":"https:\/\/portal.aepjm.pt\/index.php?rest_route=\/wp\/v2\/pages"}],"about":[{"href":"https:\/\/portal.aepjm.pt\/index.php?rest_route=\/wp\/v2\/types\/page"}],"author":[{"embeddable":true,"href":"https:\/\/portal.aepjm.pt\/index.php?rest_route=\/wp\/v2\/users\/1"}],"replies":[{"embeddable":true,"href":"https:\/\/portal.aepjm.pt\/index.php?rest_route=%2Fwp%2Fv2%2Fcomments&post=1051"}],"version-history":[{"count":6,"href":"https:\/\/portal.aepjm.pt\/index.php?rest_route=\/wp\/v2\/pages\/1051\/revisions"}],"predecessor-version":[{"id":5073,"href":"https:\/\/portal.aepjm.pt\/index.php?rest_route=\/wp\/v2\/pages\/1051\/revisions\/5073"}],"wp:attachment":[{"href":"https:\/\/portal.aepjm.pt\/index.php?rest_route=%2Fwp%2Fv2%2Fmedia&parent=1051"}],"curies":[{"name":"wp","href":"https:\/\/api.w.org\/{rel}","templated":true}]}}

<p>O <strong>Agrupamento de Escolas Pedro Jacques de Magalhães</strong> é constituído por 2 Jardins de Infância, 4 escolas do Ensino Básico do 1.º Ciclo e a Escola Básica Pedro Jacques de Magalhães (sede do Agrupamento).</p>



<p>Para consultar mais informações clique sobre o nome do Jardim de Infância  / Estabelecimentos de Educação/Ensino JI + 1.º Ciclo / Escola Básica PJM.<br> <br><strong>Jardins de infância</strong> </p>



<ul class="wp-block-list"><li> <a href="https://portal.aepjm.pt/?p=437">Jardim de Infância n.º 2 de Alverca</a></li><li><a href="https://portal.aepjm.pt/?p=450"> Jardim de Infância da Calhandriz</a></li></ul>



<p><strong>Estabelecimentos de Educação/Ensino JI + 1.º Ciclo</strong></p>



<ul class="wp-block-list"><li><a href="https://portal.aepjm.pt/?p=459">Escola Básica n.º 1 de Alverca</a></li><li><a href="https://portal.aepjm.pt/?p=463">Escola Básica n.º 4 de Alverca</a> </li><li><a href="https://portal.aepjm.pt/?p=469">Escola Básica da Quinta da Vala </a></li><li><a href="https://portal.aepjm.pt/?p=466">Escola Básica da Malva Rosa </a></li></ul>



<p><strong>Escolas Básica Pedro Jacques de Magalhães</strong></p>



<ul class="wp-block-list"><li><a href="https://portal.aepjm.pt/?p=423">Escola Básica Pedro Jacques de Magalhães</a></li></ul>

<p>O Agrupamento de Escolas Pedro Jacques de Magalhães é constituído por 2 Jardins de Infância, 4 escolas do Ensino Básico do 1.º Ciclo e a Escola Básica Pedro Jacques de Magalhães (sede do Agrupamento). Para consultar mais informações clique sobre o nome do Jardim de Infância / Estabelecimentos de Educação/Ensino JI + 1.º Ciclo / [&hellip;]</p>
